 + 2). Let h(p) = p**3 + 11*p**2 + 13*p + 3. Let u be h(-9). Suppose 5*w - y = -u. What is the tens digit of w?
2
Suppose h - 6 = -2*h. Suppose -4*s + 3*s + 10 = 2*q, -h*s + 16 = 3*q. What is the tens digit of (-1 - -2) + (24 - s)?
2
Let z(p) = p**2 + 4*p - 5. Suppose 3*n + 4*b + 26 = 0, n = -2*n + 4*b - 10. What is the units digit of z(n)?
7
Let r = -14 - -14. Let h = 10 + -7. Suppose -3*i + 9 + h = r. What is the units digit of i?
4
Suppose 0 = 8*j - 423 - 1073. What is the hundreds digit of j?
1
Let v be (-1)/(-2) + 19/2. Suppose v = 5*c, -4*a - 4*c + 5 = -35. What is the units digit of a?
8
Suppose -5*a - 80 = -5*r, -a - r = -3*r + 18. Let o be (-8)/a*14/4. Suppose 3*b = q + 9, 2*q = -o*b - 3*b + 26. What is the units digit of b?
4
Let h(m) = -m**3 - 4*m**2 - 11*m - 19. What is the tens digit of h(-5)?
6
Let n(h) = -8*h + 5. Let t(f) = -7*f + 5. Let k(o) = 6*n(o) - 7*t(o). What is the units digit of k(6)?
1
Let q = 113 + -81. Suppose 3*p + 4*b = -3, -4*p + 4*b - 8 = -q. Suppose p*u = 15 + 9. What is the units digit of u?
8
Suppose 27 = -3*p - 3*j, -5*p - j - 41 = 3*j. Let f = 8 + p. What is the units digit of f?
3
What is the tens digit of 3*4/6 - -30?
3
Let d(z) = 12*z**2 - 3*z - 7. What is the tens digit of d(-3)?
1
Let n = 7 + -5. Let z(c) = 2*c**3 - 3*c**2 + c + 2. Let q be z(n). Suppose -2*m + q = 2. What is the units digit of m?
3
Suppose 8*w = -4*w + 1344. What is the tens digit of w?
1
Suppose 3 + 1 = k. Let p(c) = 2*c**2 - 4*c - 4. What is the tens digit of p(k)?
1
What is the units digit of (-2 - (-2 - 134))*(-7)/(-14)?
7
Suppose 0*z - 4*l = 3*z - 4, 0 = -2*z - 4*l. Suppose -c + 2*s = -2*c, z*c - 9 = -5*s. What is the units digit of ((-3)/(-9))/(2/c)?
1
Let v(f) = 86*f**3 - f + 1. Let r be v(1). Suppose -r = -2*c - 2*p, 7*c = 2*c - 4*p + 213. What is the tens digit of c?
4
Suppose 535 + 221 = 9*x. What is the tens digit of x?
8
Let i(s) = -s**2 - 26*s - 14. What is the hundreds digit of i(-15)?
1
Let y be (-4 + -1)*(3 + -4). Suppose 21 - y = 4*x. Suppose 3 = x*k - 29. What is the units digit of k?
8
Let v(s) be the second derivative of s**3/2 + 2*s**2 + 11*s. Suppose 0 = -2*g + 3*g - 4. What is the units digit of v(g)?
6
Let p(d) = 50*d**2 - d - 2. What is the hundreds digit of p(2)?
1
Let m = 8 + -5. Suppose 0 = -5*x - m - 42. Let q(z) = -2*z - 2. What is the tens digit of q(x)?
1
Let m(w) = -w**2 + 27*w + 23. What is the tens digit of m(18)?
8
Let d(b) = b**3 - 8*b**2 - 11*b + 21. What is the tens digit of d(11)?
6
Let n = -67 - -261. What is the units digit of n?
4
Let i = -5 - -8. Let q(y) = y**2 + y - 2. What is the units digit of q(i)?
0
Let f be (-81)/9*4/6. Let l = 17 + -53. What is the tens digit of l/(-8)*(-16)/f?
1
Let d = 17 + -26. Let n be ((-12)/d)/(4/6). Suppose -w + n = -o - 4, 3 = -3*o. What is the units digit of w?
5
What is the units digit of 241 + (1 - 2)/(2/(-8))?
5
Let t(r) = -5 + r + r - 6*r. What is the units digit of t(-4)?
1
Suppose -6 = 2*c - 5*c. Suppose -4*k = -12, 5*k = -c*q - 0*q + 25. What is the units digit of q?
5
Let x(l) = -l + 1. Let n be x(5). What is the tens digit of n*(39/(-12) + -3)?
2
Suppose -2*d - 29 = -3*d. What is the units digit of d?
9
Suppose -4*z + 497 = 3*z. What is the units digit of z?
1
Suppose 2*u + 2*u = 0. Suppose 0 = -z + 3*n - u*n + 9, 0 = -2*z - 2*n + 42. What is the tens digit of z?
1
Let m = -2 - -3. What is the units digit of m*(-1 + 3 + -1)?
1
Suppose 0 = 2*b + 2 + 2. What is the units digit of (4/6)/(b/(-12))?
4
Suppose -2*v = -5*h - 16, 0*h - h = -5*v + 17. Suppose -6 = -v*z + 3. What is the units digit of z?
3
Let s(h) = -3*h**3 - h**2 - 2*h - 1. Let p be s(-1). Let c = 20 - p. Suppose -2*u + 34 = 3*i, 0 = -i - 2*u + 7*u + c. What is the units digit of i?
2
Let i(j) = -3*j**2 - 5*j - 2. Let z be i(-3). Let o = -13 - z. What is the units digit of o?
1
What is the units digit of (-1*45)/((-9)/6)?
0
Let p(i) be the second derivative of i**4/12 - 3*i**3/2 + 6*i**2 + 2*i. Let f be p(8). Suppose d + f*d = 25. What is the units digit of d?
5
Let v = -5 - -3. Let n be (-4)/v - 0/2. Suppose b + 0*b + 2*p + n = 0, 0 = -3*b - p + 9. What is the units digit of b?
4
Let q(k) = 2*k**3 - 1. Let h(u) = -u + 11. Let o be h(10). What is the units digit of q(o)?
1
Suppose 0 = 2*g - 8 - 116. What is the units digit of g?
2
Let k(n) = 73*n + 6. What is the tens digit of k(1)?
7
Let k(q) = 23*q - 3. Let g be k(2). Let a = g - -2. What is the units digit of a?
5
Let v = 12 - 8. Suppose 0*m + 24 = v*m. What is the units digit of m + -2 - (-1 + -2)?
7
Let q = -12 + 42. Suppose -4*s + 5*r + 46 = -2*s, s + r - q = 0. Suppose -s = -5*f - 8. What is the units digit of f?
4
Let l(x) = 17*x + 8. What is the units digit of l(2)?
2
Let z(u) = 3*u - 2. What is the units digit of z(2)?
4
Suppose 3*x = -4*q + 5, 12 = 4*q - 2*x - 2*x. Suppose 2*s + q*s - 140 = 0. What is the units digit of s?
5
Let a be ((-1)/1 - 0)*-5. Suppose 3*f + 51 - 148 = p, 0 = a*f - 4*p - 157. What is the tens digit of f?
3
Suppose 3*v = -3*v + 360. What is the units digit of v?
0
Let d be (-12)/8*16/(-6). Suppose 2*p + 11 = 3*t, 0*p - 12 = -d*t + 2*p. What is the units digit of -1*(t - 2)*5?
5
Let n(g) = -4*g + 14. What is the tens digit of n(-6)?
3
Let t(j) = 7*j**2 - 16*j - 9. Let x(u) = -3*u**2 + 8*u + 4. Let o(w) = 4*t(w) + 9*x(w). What is the units digit of o(-10)?
0
Let d be 1/(2*-1)*0. Let m = 4 - d. Suppose m = -l + 3*g - 1, 4 = g. What is the units digit of l?
7
Let d(f) = 3*f - 1. Let u = -3 + 4. What is the units digit of d(u)?
2
Let m = -16 + 51. Suppose -4*u + m = 3*n, -3*u - 6 + 36 = 3*n. Suppose -2*b + n*f = 3*b + 5, 5*f = 2*b + 14. What is the units digit of b?
3
Suppose 3 + 3 = 3*t. What is the units digit of t?
2
Let r(j) = j. Let p be r(-1). Let q = p + 4. Let b = 4 + q. What is the units digit of b?
7
Let t(c) = c**2 - 2*c - 8. Let x be t(-4). What is the units digit of x - (5 - 3) - 1?
3
Suppose -2*o = 3 + 3. What is the tens digit of ((o - -18) + 3)/1?
1
Let b = -148 - -243. Suppose 0 = -3*l + 5*u - 73, 3*u + b = -5*l - 2*u. What is the tens digit of (l/(-12))/((-2)/(-16))?
1
What is the units digit of 2*-33*(-3)/18?
1
What is the tens digit of (-10)/20*(2 - 98)?
4
Let k(l) = -3 + 7*l**3 + l + 18*l**3 - 2 + 4. What is the units digit of k(1)?
5
Let m(d) = -d**2 + 17*d - 15. What is the units digit of m(12)?
5
Let f(q) = q - 1. What is the units digit of f(19)?
8
Let s(j) = -11*j**2 + j + 16. Let z(l) = 5*l**2 - 8. Let w(v) = -4*s(v) - 9*z(v). Let r be w(-8). What is the units digit of (-10)/8*r/2?
5
Suppose 2*s = 3*s. Let l = -6 - -4. What is the units digit of 11 + (s - (l - -3))?
0
Suppose -2*d - 5 = -f, -d + 4*d - 5 = -f. Suppose d*a = a - 52. What is the tens digit of a?
5
Let f be (-3 - -4)*9/3. Suppose f*y = -0*y + 6. What is the units digit of y?
2
Let z be -1 + 0 + 1 + 1. Let k be (-3)/(z/(-3) + 0). Let l = k - 4. What is the units digit of l?
5
Suppose 5*s + 2*o = 1124, 9*s = 8*s - 2*o + 228. What is the hundreds digit of s?
2
Suppose -70 = c - 3*c + u, 12 = 3*u. What is the units digit of c?
7
Let m(x) be the first derivative of -x**4/2 - 2*x**3/3 - 3*x**2/2 - 3*x + 7. What is the tens digit of m(-2)?
1
Let i be ((-34)/(-6))/((-6)/(-36)). Let d = i - 22. What is the units digit of d?
2
Let k = 24 - 7. What is the tens digit of k?
1
Let n(r) = -9 - r - 2*r + 0. What is the tens digit of n(-7)?
1
Let o(n) = n**3 + 5*n**2 - 6*n. Let y be o(-6). Suppose f + y - 3 = 0. Suppose 0 = 3*x - 5*k + f, 2*x + 3*k - 7*k = -4. What is the units digit of x?
4
Suppose 0 = -j - j + 4*m + 56, -4*m + 54 = 3*j. What is the units digit of j?
2
Let u = 329 - 131. What is the hundreds digit of u?
1
Let u be 0 + (-1*2 - -2). Suppose -5*g + 13 + 7 = u. Suppose -2*t - c = -19, g*t - 17 = 3*c + 2*c. What is the units digit of t?
8
Let i = -60 + 102. Suppose x + 17 = -4. Let r = i + x. What is the units digit of r?
1
Let g(c) = -c**3 - 2*c**2 - 2. Let h be g(-3). Let l = h + -1. What is the units digit of l?
6
Let z(a) = 10*a**2 - a. What is the units digit of z(1)?
9
Let u(n) = -2*n**2 - 31*n - 28. What is the units digit of u(-8)?
2
Suppose -3*f + 7 = -50. Let b = f - 11. What is the units digit of b?
8
Let g(v) = -v - 12. Let p be g(-5). Let m = p + 1. What is the units digit of m*(8/(-3) - -2)?
4
Let h(g) = g**3